inder when 12739 is divided by 6246?
247
What is the remainder when 1108 is divided by 249?
112
What is the remainder when 1072 is divided by 91?
71
What is the remainder when 4731 is divided by 2399?
2332
What is the remainder when 2652 is divided by 37?
25
What is the remainder when 12870523 is divided by 1753?
1750
Calculate the remainder when 17922 is divided by 98.
86
Calculate the remainder when 7337 is divided by 585.
317
What is the remainder when 2852 is divided by 68?
64
Calculate the remainder when 2408 is divided by 2098.
310
What is the remainder when 16036 is divided by 50?
36
What is the remainder when 3055 is divided by 153?
148
Calculate the remainder when 432258 is divided by 80.
18
Calculate the remainder when 769 is divided by 751.
18
Calculate the remainder when 6609 is divided by 183.
21
Calculate the remainder when 2393 is divided by 247.
170
What is the remainder when 41722 is divided by 15?
7
What is the remainder when 237863 is divided by 583?
582
What is the remainder when 1283 is divided by 260?
243
What is the remainder when 20630 is divided by 77?
71
What is the remainder when 229914 is divided by 479?
473
What is the remainder when 477171 is divided by 1729?
1696
What is the remainder when 26406 is divided by 2934?
0
What is the remainder when 13118 is divided by 1093?
2
What is the remainder when 10128 is divided by 86?
66
Calculate the remainder when 1341 is divided by 165.
21
What is the remainder when 623610 is divided by 9?
0
Calculate the remainder when 113480 is divided by 82.
74
What is the remainder when 24846 is divided by 12398?
50
What is the remainder when 1489 is divided by 173?
105
Calculate the remainder when 1323 is divided by 229.
178
Calculate the remainder when 214 is divided by 15.
4
What is the remainder when 32364 is divided by 18?
0
What is the remainder when 8910 is divided by 1689?
465
What is the remainder when 350 is divided by 305?
45
What is the remainder when 1233567 is divided by 195?
192
What is the remainder when 326093 is divided by 87?
17
Calculate the remainder when 17121 is divided by 1477.
874
What is the remainder when 2287 is divided by 734?
85
What is the remainder when 323195 is divided by 65?
15
What is the remainder when 3375 is divided by 1682?
11
What is the remainder when 8156 is divided by 1413?
1091
Calculate the remainder when 3340 is divided by 832.
12
What is the remainder when 1150 is divided by 1066?
84
Calculate the remainder when 2641 is divided by 237.
34
Calculate the remainder when 2230 is divided by 442.
20
Calculate the remainder when 4435 is divided by 371.
354
Calculate the remainder when 3137 is divided by 93.
68
Calculate the remainder when 16870 is divided by 38.
36
Calculate the remainder when 3272 is divided by 1615.
42
What is the remainder when 1693470 is divided by 748?
746
What is the remainder when 7379 is divided by 2419?
122
What is the remainder when 51148 is divided by 1348?
1272
What is the remainder when 764604 is divided by 6?
0
Calculate the remainder when 49552 is divided by 995.
797
What is the remainder when 11396 is divided by 138?
80
What is the remainder when 665 is divided by 614?
51
Calculate the remainder when 753 is divided by 194.
171
Calculate the remainder when 8706 is divided by 134.
130
Calculate the remainder when 6934 is divided by 148.
126
Calculate the remainder when 2166 is divided by 543.
537
What is the remainder when 1656 is divided by 41?
16
What is the remainder when 30962 is divided by 306?
56
Calculate the remainder when 1145044 is divided by 22.
10
What is the remainder when 8621 is divided by 112?
109
What is the remainder when 600435 is divided by 229?
226
What is the remainder when 3449 is divided by 394?
297
What is the remainder when 7108 is divided by 20?
8
What is the remainder when 2972 is divided by 128?
28
Calculate the remainder when 326303 is divided by 44.
43
Calculate the remainder when 643 is divided by 94.
79
What is the remainder when 10756 is divided by 1772?
124
What is the remainder when 2693 is divided by 5?
3
What is the remainder when 11479 is divided by 1631?
62
Calculate the remainder when 176216 is divided by 616.
40
Calculate the remainder when 4295 is divided by 65.
5
Calculate the remainder when 20367 is divided by 21.
18
What is the remainder when 61662 is divided by 881?
873
What is the remainder when 6661759 is divided by 140?
139
Calculate the remainder when 2602 is divided by 9.
1
What is the remainder when 82843 is divided by 105?
103
What is the remainder when 10978 is divided by 141?
121
Calculate the remainder when 713829 is divided by 13.
12
What is the remainder when 11605 is divided by 47?
43
What is the remainder when 2843 is divided by 153?
89
Calculate the remainder when 287498 is divided by 29.
21
Calculate the remainder when 598746 is divided by 6.
0
What is the remainder when 847 is divided by 25?
22
Calculate the remainder when 47849 is divided by 49.
25
Calculate the remainder when 114256 is divided by 57114.
28
What is the remainder when 5787 is divided by 318?
63
Calculate the remainder when 122230 is divided by 105.
10
What is the remainder when 77597 is divided by 31?
4
What is the remainder when 47605 is divided by 2374?
125
What is the remainder when 10408 is divided by 10380?
28
Calculate the remainder when 105135 is divided by 70.
65
What is the remainder when 144224 is divided by 606?
602
What is the remainder when 2136 is divided by 457?
308
What is the remainder when 5108 is divided by 1006?
78
Calculate the remainder when 1686 is divided by 203.
62
Calculate the remainder when 3761 is divided by 178.
23
What is the remainder when 6934 is divided by 279?
238
Calculate the remainder when 90508 is divided by 862.
860
What is the remainder when 32230 is divided by 53?
6
Calculate the remainder when 180769 is divided by 121.
116
What is the remainder when 127582 is divided by 19?
16
Calculate the remainder when 22887 is divided by 115.
2
Calculate the remainder when 136170 is divided by 108.
90
Calculate the remainder when 134980 is divided by 389.
386
Calculate the remainder when 12317 is divided by 4091.
44
What is the remainder when 11965 is divided by 928?
829
Calculate the remainder when 513850 is divided by 57.
52
What is the remainder when 2094666 is divided by 1734?
1728
What is the remainder when 107736 is divided by 17955?
6
What is the remainder when 82181 is divided by 67?
39
What is the remainder when 37422 is divided by 7402?
412
What is the remainder when 117868 is divided by 29457?
40
What is the remainder when 63262 is divided by 1544?
1502
What is the remainder when 4326 is divided by 1159?
849
What is the remainder when 166939 is divided by 170?
169
What is the remainder when 83843 is divided by 41847?
149
Calculate the remainder when 3861 is divided by 13.
0
Calculate the remainder when 60849 is divided by 111.
21
What is the remainder when 11177 is divided by 149?
2
What is the remainder when 860927 is divided by 1255?
1252
Calculate the remainder when 2484 is divided by 648.
540
What is the remainder when 341867 is divided by 702?
695
What is the remainder when 480413 is divided by 389?
387
What is the remainder when 42404 is divided by 72?
68
Calculate the remainder when 342104 is divided by 258.
254
What is the remainder when 2966 is divided by 783?
617
What is the remainder when 649 is divided by 207?
28
Calculate the remainder when 81753 is divided by 31.
6
Calculate the remainder when 11809 is divided by 31.
29
What is the remainder when 89915 is divided by 177?
176
Calculate the remainder when 12974 is divided by 1851.
17
Calculate the remainder when 2300 is divided by 2196.
104
Calculate the remainder when 389 is divided by 55.
4
What is the remainder when 47050 is divided by 40?
10
What is the remainder when 26178 is divided by 38?
34
What is the remainder when 122332 is divided by 5?
2
What is the remainder when 12906 is divided by 1415?
171
Calculate the remainder when 4776 is divided by 2331.
114
What is the remainder when 102486 is divided by 28?
6
What is the remainder when 22582 is divided by 627?
10
Calculate the remainder when 162676 is divided by 44.
8
What is the remainder when 943569 is divided by 329?
32